{"id":526,"date":"2019-07-15T00:12:55","date_gmt":"2019-07-15T00:12:55","guid":{"rendered":"https:\/\/cs-stadthagen.de\/?page_id=526"},"modified":"2020-12-03T11:13:13","modified_gmt":"2020-12-03T11:13:13","slug":"fernwartung-2","status":"publish","type":"page","link":"https:\/\/www.cs-stadthagen.de\/?page_id=526","title":{"rendered":"Fernwartung"},"content":{"rendered":"\t\t<div data-elementor-type=\"wp-post\" data-elementor-id=\"526\" class=\"elementor elementor-526\">\n\t\t\t\t\t\t<section class=\"elementor-section elementor-top-section elementor-element elementor-element-fc9a26a elementor-section-boxed elementor-section-height-default elementor-section-height-default\" data-id=\"fc9a26a\" data-element_type=\"section\" data-e-type=\"section\">\n\t\t\t\t\t\t<div class=\"elementor-container elementor-column-gap-default\">\n\t\t\t\t\t<div class=\"elementor-column elementor-col-100 elementor-top-column elementor-element elementor-element-8356af6\" data-id=\"8356af6\" data-element_type=\"column\" data-e-type=\"column\">\n\t\t\t<div class=\"elementor-widget-wrap elementor-element-populated\">\n\t\t\t\t\t\t<div class=\"elementor-element elementor-element-67a12a6 elementor-widget elementor-widget-text-editor\" data-id=\"67a12a6\" data-element_type=\"widget\" data-e-type=\"widget\" data-widget_type=\"text-editor.default\">\n\t\t\t\t<div class=\"elementor-widget-container\">\n\t\t\t\t\t\t\t\t\t<p><strong>Durch neue Arten von Software besteht die M\u00f6glichkeit, Ihren Heim- oder Gesch\u00e4ftscomputer aus der Ferne zu analysieren und sofern m\u00f6glich, Fehler direkt zu beheben. <\/strong><br \/><strong>Dies spart Zeit und Fahrtkosten. Sie haben die M\u00f6glichkeit, uns bequem telefonisch oder per Email zu kontaktieren und wir k\u00fcmmern uns um Ihr Anliegen.<\/strong><\/p><p><strong>Sie m\u00fcssen bei dieser Art der Computerwartung keinerlei Bedenken haben, was die Sicherheit Ihrer Daten und Privatsph\u00e4re anbelangt. Der Zugriff erfolgt ausschlie\u00dflich \u00fcber ein zu Ihrer Sicherheit wechselndes Passwort und unter Ihrer Supervision. Sie k\u00f6nnen jeden Schritt mitverfolgen und so ganz nebenbei die L\u00f6sung des Problems selbst erlernen.<\/strong><\/p><p><strong>F\u00fcr diesen Vorgang ist sowohl eine Internetverbindung als auch eine Installation der ben\u00f6tigten Software erforderlich.<\/strong><\/p>\t\t\t\t\t\t\t\t<\/div>\n\t\t\t\t<\/div>\n\t\t\t\t\t<\/div>\n\t\t<\/div>\n\t\t\t\t\t<\/div>\n\t\t<\/section>\n\t\t\t\t<section class=\"elementor-section elementor-top-section elementor-element elementor-element-331d6ad elementor-section-boxed elementor-section-height-default elementor-section-height-default\" data-id=\"331d6ad\" data-element_type=\"section\" data-e-type=\"section\">\n\t\t\t\t\t\t<div class=\"elementor-container elementor-column-gap-default\">\n\t\t\t\t\t<div class=\"elementor-column elementor-col-50 elementor-top-column elementor-element elementor-element-b66c356\" data-id=\"b66c356\" data-element_type=\"column\" data-e-type=\"column\">\n\t\t\t<div class=\"elementor-widget-wrap elementor-element-populated\">\n\t\t\t\t\t\t<div class=\"elementor-element elementor-element-5f0720f elementor-widget elementor-widget-image\" data-id=\"5f0720f\" data-element_type=\"widget\" data-e-type=\"widget\" data-widget_type=\"image.default\">\n\t\t\t\t<div class=\"elementor-widget-container\">\n\t\t\t\t\t\t\t\t\t\t\t\t\t\t\t<img fetchpriority=\"high\" decoding=\"async\" width=\"1024\" height=\"467\" src=\"https:\/\/www.cs-stadthagen.de\/wp-content\/uploads\/2020\/03\/any-1024x467.png\" class=\"attachment-large size-large wp-image-775\" alt=\"\" srcset=\"https:\/\/www.cs-stadthagen.de\/wp-content\/uploads\/2020\/03\/any-1024x467.png 1024w, https:\/\/www.cs-stadthagen.de\/wp-content\/uploads\/2020\/03\/any-300x137.png 300w, https:\/\/www.cs-stadthagen.de\/wp-content\/uploads\/2020\/03\/any-768x350.png 768w, https:\/\/www.cs-stadthagen.de\/wp-content\/uploads\/2020\/03\/any-520x237.png 520w, https:\/\/www.cs-stadthagen.de\/wp-content\/uploads\/2020\/03\/any-740x337.png 740w, https:\/\/www.cs-stadthagen.de\/wp-content\/uploads\/2020\/03\/any.png 1501w\" sizes=\"(max-width: 1024px) 100vw, 1024px\" \/>\t\t\t\t\t\t\t\t\t\t\t\t\t\t\t<\/div>\n\t\t\t\t<\/div>\n\t\t\t\t\t<\/div>\n\t\t<\/div>\n\t\t\t\t<div class=\"elementor-column elementor-col-50 elementor-top-column elementor-element elementor-element-efc1140\" data-id=\"efc1140\" data-element_type=\"column\" data-e-type=\"column\">\n\t\t\t<div class=\"elementor-widget-wrap elementor-element-populated\">\n\t\t\t\t\t\t<div class=\"elementor-element elementor-element-633c8db elementor-widget elementor-widget-image\" data-id=\"633c8db\" data-element_type=\"widget\" data-e-type=\"widget\" data-widget_type=\"image.default\">\n\t\t\t\t<div class=\"elementor-widget-container\">\n\t\t\t\t\t\t\t\t\t\t\t\t\t\t\t\t<a href=\"https:\/\/anydesk.com\/de\/downloads\" target=\"_blank\">\n\t\t\t\t\t\t\t<img decoding=\"async\" width=\"600\" height=\"315\" src=\"https:\/\/www.cs-stadthagen.de\/wp-content\/uploads\/2020\/03\/anydesk.png\" class=\"elementor-animation-push attachment-large size-large wp-image-773\" alt=\"\" srcset=\"https:\/\/www.cs-stadthagen.de\/wp-content\/uploads\/2020\/03\/anydesk.png 600w, https:\/\/www.cs-stadthagen.de\/wp-content\/uploads\/2020\/03\/anydesk-300x158.png 300w, https:\/\/www.cs-stadthagen.de\/wp-content\/uploads\/2020\/03\/anydesk-520x273.png 520w\" sizes=\"(max-width: 600px) 100vw, 600px\" \/>\t\t\t\t\t\t\t\t<\/a>\n\t\t\t\t\t\t\t\t\t\t\t\t\t\t\t<\/div>\n\t\t\t\t<\/div>\n\t\t\t\t\t<\/div>\n\t\t<\/div>\n\t\t\t\t\t<\/div>\n\t\t<\/section>\n\t\t\t\t<\/div>\n\t\t","protected":false},"excerpt":{"rendered":"<p>Durch neue Arten von Software besteht die M\u00f6glichkeit, Ihren Heim- oder Gesch\u00e4ftscomputer aus der Ferne zu analysieren und sofern m\u00f6glich, Fehler direkt zu beheben. Dies spart Zeit und Fahrtkosten. Sie haben die M\u00f6glichkeit, uns bequem<a class=\"read-more\" href=\"https:\/\/www.cs-stadthagen.de\/?page_id=526\">Continue reading<\/a><\/p>\n","protected":false},"author":1,"featured_media":0,"parent":0,"menu_order":0,"comment_status":"closed","ping_status":"closed","template":"page-templates\/page_fullwidth.php","meta":{"footnotes":""},"class_list":["post-526","page","type-page","status-publish","hentry"],"_links":{"self":[{"href":"https:\/\/www.cs-stadthagen.de\/index.php?rest_route=\/wp\/v2\/pages\/526"}],"collection":[{"href":"https:\/\/www.cs-stadthagen.de\/index.php?rest_route=\/wp\/v2\/pages"}],"about":[{"href":"https:\/\/www.cs-stadthagen.de\/index.php?rest_route=\/wp\/v2\/types\/page"}],"author":[{"embeddable":true,"href":"https:\/\/www.cs-stadthagen.de\/index.php?rest_route=\/wp\/v2\/users\/1"}],"replies":[{"embeddable":true,"href":"https:\/\/www.cs-stadthagen.de\/index.php?rest_route=%2Fwp%2Fv2%2Fcomments&post=526"}],"version-history":[{"count":12,"href":"https:\/\/www.cs-stadthagen.de\/index.php?rest_route=\/wp\/v2\/pages\/526\/revisions"}],"predecessor-version":[{"id":970,"href":"https:\/\/www.cs-stadthagen.de\/index.php?rest_route=\/wp\/v2\/pages\/526\/revisions\/970"}],"wp:attachment":[{"href":"https:\/\/www.cs-stadthagen.de\/index.php?rest_route=%2Fwp%2Fv2%2Fmedia&parent=526"}],"curies":[{"name":"wp","href":"https:\/\/api.w.org\/{rel}","templated":true}]}}