{"id":682,"date":"2020-02-26T23:05:49","date_gmt":"2020-02-26T23:05:49","guid":{"rendered":"https:\/\/cs-stadthagen.de\/?page_id=682"},"modified":"2021-11-03T14:32:43","modified_gmt":"2021-11-03T14:32:43","slug":"game-station","status":"publish","type":"page","link":"https:\/\/www.cs-stadthagen.de\/?page_id=682","title":{"rendered":"Game Station"},"content":{"rendered":"\t\t<div data-elementor-type=\"wp-page\" data-elementor-id=\"682\" class=\"elementor elementor-682\">\n\t\t\t\t\t\t<section class=\"elementor-section elementor-top-section elementor-element elementor-element-bff62c5 elementor-section-boxed elementor-section-height-default elementor-section-height-default\" data-id=\"bff62c5\" data-element_type=\"section\" data-e-type=\"section\">\n\t\t\t\t\t\t<div class=\"elementor-container elementor-column-gap-default\">\n\t\t\t\t\t<div class=\"elementor-column elementor-col-33 elementor-top-column elementor-element elementor-element-64b4cdc\" data-id=\"64b4cdc\" data-element_type=\"column\" data-e-type=\"column\">\n\t\t\t<div class=\"elementor-widget-wrap elementor-element-populated\">\n\t\t\t\t\t\t<div class=\"elementor-element elementor-element-e4647f5 elementor-widget elementor-widget-image\" data-id=\"e4647f5\" data-element_type=\"widget\" data-e-type=\"widget\" data-widget_type=\"image.default\">\n\t\t\t\t<div class=\"elementor-widget-container\">\n\t\t\t\t\t\t\t\t\t\t\t\t\t\t\t<img fetchpriority=\"high\" decoding=\"async\" width=\"768\" height=\"1086\" src=\"https:\/\/www.cs-stadthagen.de\/wp-content\/uploads\/2020\/03\/gamestation-768x1086.jpg\" class=\"attachment-medium_large size-medium_large wp-image-739\" alt=\"\" srcset=\"https:\/\/www.cs-stadthagen.de\/wp-content\/uploads\/2020\/03\/gamestation-768x1086.jpg 768w, https:\/\/www.cs-stadthagen.de\/wp-content\/uploads\/2020\/03\/gamestation-212x300.jpg 212w, https:\/\/www.cs-stadthagen.de\/wp-content\/uploads\/2020\/03\/gamestation-724x1024.jpg 724w, https:\/\/www.cs-stadthagen.de\/wp-content\/uploads\/2020\/03\/gamestation-1086x1536.jpg 1086w, https:\/\/www.cs-stadthagen.de\/wp-content\/uploads\/2020\/03\/gamestation-1448x2048.jpg 1448w, https:\/\/www.cs-stadthagen.de\/wp-content\/uploads\/2020\/03\/gamestation-520x736.jpg 520w, https:\/\/www.cs-stadthagen.de\/wp-content\/uploads\/2020\/03\/gamestation-740x1047.jpg 740w, https:\/\/www.cs-stadthagen.de\/wp-content\/uploads\/2020\/03\/gamestation-scaled.jpg 1810w\" sizes=\"(max-width: 768px) 100vw, 768px\" \/>\t\t\t\t\t\t\t\t\t\t\t\t\t\t\t<\/div>\n\t\t\t\t<\/div>\n\t\t\t\t\t<\/div>\n\t\t<\/div>\n\t\t\t\t<div class=\"elementor-column elementor-col-33 elementor-top-column elementor-element elementor-element-7193fad\" data-id=\"7193fad\" data-element_type=\"column\" data-e-type=\"column\">\n\t\t\t<div class=\"elementor-widget-wrap elementor-element-populated\">\n\t\t\t\t\t\t<div class=\"elementor-element elementor-element-9b65fca elementor-widget elementor-widget-text-editor\" data-id=\"9b65fca\" data-element_type=\"widget\" data-e-type=\"widget\" data-widget_type=\"text-editor.default\">\n\t\t\t\t<div class=\"elementor-widget-container\">\n\t\t\t\t\t\t\t\t\t<h2><strong>Spiele f\u00fcr Konsolen u.v.m.<\/strong><\/h2><p><strong>Nebst neuen und gebrauchten Computerspielen und DVD`s f\u00fchren wir seit kurzem auch Spiele f\u00fcr die Konsole. Grund daf\u00fcr ist das Schliessen von Gamers Paradise \u2013 unseres langj\u00e4hrigen Nachbarn.<\/strong><\/p>\t\t\t\t\t\t\t\t<\/div>\n\t\t\t\t<\/div>\n\t\t\t\t<div class=\"elementor-element elementor-element-35c8ef5 elementor-widget elementor-widget-text-editor\" data-id=\"35c8ef5\" data-element_type=\"widget\" data-e-type=\"widget\" data-widget_type=\"text-editor.default\">\n\t\t\t\t<div class=\"elementor-widget-container\">\n\t\t\t\t\t\t\t\t\t<p><strong>Mit einigen ambitionierten Zockern in unserer Belegschaft und als generell Spielebegeisterte, haben wir uns entschlossen unser Sortiment zu erweitern und den gro\u00dfteil des Bestandes zu \u00fcbernehmen.<br \/>Somit bleibt uns Gamers Paradise auch irgendwie erhalten.<\/strong><\/p><p><strong>Neben den Spielen ist auch Zubeh\u00f6r erh\u00e4ltlich \u2013 und alles rund um das Gaming am PC bleibt auch nach wie vor unsere Spezialit\u00e4t.<\/strong><\/p><p><strong>Du hast Dein Spiel durchgespielt oder es ist ein Fehlkauf? <\/strong><br \/><strong>Kein Problem. Wir kaufen Spiele an, tauschen und verhandeln auch coole Deals, so das jeder zufrieden ist.<\/strong><\/p><p><strong>Schau einfach bei uns vorbei!<\/strong><\/p><p><strong>Dein Computer bzw. Game Station Team<\/strong><\/p>\t\t\t\t\t\t\t\t<\/div>\n\t\t\t\t<\/div>\n\t\t\t\t<div class=\"elementor-element elementor-element-53c223d elementor-widget-divider--view-line elementor-widget elementor-widget-divider\" data-id=\"53c223d\" data-element_type=\"widget\" data-e-type=\"widget\" data-widget_type=\"divider.default\">\n\t\t\t\t<div class=\"elementor-widget-container\">\n\t\t\t\t\t\t\t<div class=\"elementor-divider\">\n\t\t\t<span class=\"elementor-divider-separator\">\n\t\t\t\t\t\t<\/span>\n\t\t<\/div>\n\t\t\t\t\t\t<\/div>\n\t\t\t\t<\/div>\n\t\t\t\t<div class=\"elementor-element elementor-element-1165ae3 elementor-widget elementor-widget-text-editor\" data-id=\"1165ae3\" data-element_type=\"widget\" data-e-type=\"widget\" data-widget_type=\"text-editor.default\">\n\t\t\t\t<div class=\"elementor-widget-container\">\n\t\t\t\t\t\t\t\t\t<p><strong>Auf unserer Online Datenbank beim Unternehmen Retroplace ist es m\u00f6glich, in unser Gaming Angebot (Unsere Spiele) einzusehen. Wir pflegen unsere Datenbank Tagsaktuell und bieten somit einen 24 Stunden zugriff. <\/strong><br \/><strong>Auf unsere Spiele, die wir im Ladenlokal haben.<\/strong><br \/><strong>Dazu klicken Sie auf den folgenden Link:<a href=\"https:\/\/www.retroplace.com\/de\/user\/ComputerStation\"> https:\/\/www.retroplace.com\/de\/user\/ComputerStation<\/a><\/strong><br \/><strong>Viel Spa\u00df beim durst\u00f6bern der Spiele!<\/strong><\/p>\t\t\t\t\t\t\t\t<\/div>\n\t\t\t\t<\/div>\n\t\t\t\t\t<\/div>\n\t\t<\/div>\n\t\t\t\t<div class=\"elementor-column elementor-col-33 elementor-top-column elementor-element elementor-element-e864290\" data-id=\"e864290\" data-element_type=\"column\" data-e-type=\"column\">\n\t\t\t<div class=\"elementor-widget-wrap elementor-element-populated\">\n\t\t\t\t\t\t<div class=\"elementor-element elementor-element-5905104 elementor-widget elementor-widget-image\" data-id=\"5905104\" data-element_type=\"widget\" data-e-type=\"widget\" data-widget_type=\"image.default\">\n\t\t\t\t<div class=\"elementor-widget-container\">\n\t\t\t\t\t\t\t\t\t\t\t\t\t\t\t<img decoding=\"async\" width=\"768\" height=\"303\" src=\"https:\/\/www.cs-stadthagen.de\/wp-content\/uploads\/2020\/02\/Game-Station-768x303.png\" class=\"attachment-medium_large size-medium_large wp-image-692\" alt=\"\" srcset=\"https:\/\/www.cs-stadthagen.de\/wp-content\/uploads\/2020\/02\/Game-Station-768x303.png 768w, https:\/\/www.cs-stadthagen.de\/wp-content\/uploads\/2020\/02\/Game-Station-300x118.png 300w, https:\/\/www.cs-stadthagen.de\/wp-content\/uploads\/2020\/02\/Game-Station-1024x404.png 1024w, https:\/\/www.cs-stadthagen.de\/wp-content\/uploads\/2020\/02\/Game-Station-1536x606.png 1536w, https:\/\/www.cs-stadthagen.de\/wp-content\/uploads\/2020\/02\/Game-Station-2048x808.png 2048w, https:\/\/www.cs-stadthagen.de\/wp-content\/uploads\/2020\/02\/Game-Station-520x205.png 520w, https:\/\/www.cs-stadthagen.de\/wp-content\/uploads\/2020\/02\/Game-Station-740x292.png 740w\" sizes=\"(max-width: 768px) 100vw, 768px\" \/>\t\t\t\t\t\t\t\t\t\t\t\t\t\t\t<\/div>\n\t\t\t\t<\/div>\n\t\t\t\t<div class=\"elementor-element elementor-element-309f6ff elementor-widget elementor-widget-image\" data-id=\"309f6ff\" data-element_type=\"widget\" data-e-type=\"widget\" data-widget_type=\"image.default\">\n\t\t\t\t<div class=\"elementor-widget-container\">\n\t\t\t\t\t\t\t\t\t\t\t\t\t\t\t<img decoding=\"async\" width=\"212\" height=\"300\" src=\"https:\/\/www.cs-stadthagen.de\/wp-content\/uploads\/2021\/09\/Zeitung-Scan-2-212x300.png\" class=\"attachment-medium size-medium wp-image-1354\" alt=\"\" srcset=\"https:\/\/www.cs-stadthagen.de\/wp-content\/uploads\/2021\/09\/Zeitung-Scan-2-212x300.png 212w, https:\/\/www.cs-stadthagen.de\/wp-content\/uploads\/2021\/09\/Zeitung-Scan-2-723x1024.png 723w, https:\/\/www.cs-stadthagen.de\/wp-content\/uploads\/2021\/09\/Zeitung-Scan-2-768x1087.png 768w, https:\/\/www.cs-stadthagen.de\/wp-content\/uploads\/2021\/09\/Zeitung-Scan-2-1085x1536.png 1085w, https:\/\/www.cs-stadthagen.de\/wp-content\/uploads\/2021\/09\/Zeitung-Scan-2-520x736.png 520w, https:\/\/www.cs-stadthagen.de\/wp-content\/uploads\/2021\/09\/Zeitung-Scan-2-740x1048.png 740w, https:\/\/www.cs-stadthagen.de\/wp-content\/uploads\/2021\/09\/Zeitung-Scan-2.png 1232w\" sizes=\"(max-width: 212px) 100vw, 212px\" \/>\t\t\t\t\t\t\t\t\t\t\t\t\t\t\t<\/div>\n\t\t\t\t<\/div>\n\t\t\t\t<div class=\"elementor-element elementor-element-0c3a33c elementor-widget elementor-widget-image\" data-id=\"0c3a33c\" data-element_type=\"widget\" data-e-type=\"widget\" data-widget_type=\"image.default\">\n\t\t\t\t<div class=\"elementor-widget-container\">\n\t\t\t\t\t\t\t\t\t\t\t\t\t\t\t\t<a href=\"https:\/\/www.retroplace.com\/de\/user\/ComputerStation\">\n\t\t\t\t\t\t\t<img loading=\"lazy\" decoding=\"async\" width=\"300\" height=\"126\" src=\"https:\/\/www.cs-stadthagen.de\/wp-content\/uploads\/2021\/06\/Retroplace_long-300x126.png\" class=\"attachment-medium size-medium wp-image-1170\" alt=\"\" srcset=\"https:\/\/www.cs-stadthagen.de\/wp-content\/uploads\/2021\/06\/Retroplace_long-300x126.png 300w, https:\/\/www.cs-stadthagen.de\/wp-content\/uploads\/2021\/06\/Retroplace_long-768x324.png 768w, https:\/\/www.cs-stadthagen.de\/wp-content\/uploads\/2021\/06\/Retroplace_long-520x219.png 520w, https:\/\/www.cs-stadthagen.de\/wp-content\/uploads\/2021\/06\/Retroplace_long-740x312.png 740w, https:\/\/www.cs-stadthagen.de\/wp-content\/uploads\/2021\/06\/Retroplace_long.png 800w\" sizes=\"(max-width: 300px) 100vw, 300px\" \/>\t\t\t\t\t\t\t\t<\/a>\n\t\t\t\t\t\t\t\t\t\t\t\t\t\t\t<\/div>\n\t\t\t\t<\/div>\n\t\t\t\t\t<\/div>\n\t\t<\/div>\n\t\t\t\t\t<\/div>\n\t\t<\/section>\n\t\t\t\t<\/div>\n\t\t","protected":false},"excerpt":{"rendered":"<p>Spiele f\u00fcr Konsolen u.v.m. Nebst neuen und gebrauchten Computerspielen und DVD`s f\u00fchren wir seit kurzem auch Spiele f\u00fcr die Konsole. Grund daf\u00fcr ist das Schliessen von Gamers Paradise \u2013 unseres langj\u00e4hrigen Nachbarn. Mit einigen ambitionierten<a class=\"read-more\" href=\"https:\/\/www.cs-stadthagen.de\/?page_id=682\">Continue reading<\/a><\/p>\n","protected":false},"author":5,"featured_media":0,"parent":0,"menu_order":0,"comment_status":"closed","ping_status":"closed","template":"elementor_header_footer","meta":{"footnotes":""},"class_list":["post-682","page","type-page","status-publish","hentry"],"_links":{"self":[{"href":"https:\/\/www.cs-stadthagen.de\/index.php?rest_route=\/wp\/v2\/pages\/682"}],"collection":[{"href":"https:\/\/www.cs-stadthagen.de\/index.php?rest_route=\/wp\/v2\/pages"}],"about":[{"href":"https:\/\/www.cs-stadthagen.de\/index.php?rest_route=\/wp\/v2\/types\/page"}],"author":[{"embeddable":true,"href":"https:\/\/www.cs-stadthagen.de\/index.php?rest_route=\/wp\/v2\/users\/5"}],"replies":[{"embeddable":true,"href":"https:\/\/www.cs-stadthagen.de\/index.php?rest_route=%2Fwp%2Fv2%2Fcomments&post=682"}],"version-history":[{"count":43,"href":"https:\/\/www.cs-stadthagen.de\/index.php?rest_route=\/wp\/v2\/pages\/682\/revisions"}],"predecessor-version":[{"id":1516,"href":"https:\/\/www.cs-stadthagen.de\/index.php?rest_route=\/wp\/v2\/pages\/682\/revisions\/1516"}],"wp:attachment":[{"href":"https:\/\/www.cs-stadthagen.de\/index.php?rest_route=%2Fwp%2Fv2%2Fmedia&parent=682"}],"curies":[{"name":"wp","href":"https:\/\/api.w.org\/{rel}","templated":true}]}}