{"id":875,"date":"2020-03-31T00:25:02","date_gmt":"2020-03-31T00:25:02","guid":{"rendered":"https:\/\/cs-stadthagen.de\/?page_id=875"},"modified":"2020-12-03T11:35:35","modified_gmt":"2020-12-03T11:35:35","slug":"gaming-systeme","status":"publish","type":"page","link":"https:\/\/www.cs-stadthagen.de\/?page_id=875","title":{"rendered":"Gaming Systeme"},"content":{"rendered":"\t\t<div data-elementor-type=\"wp-page\" data-elementor-id=\"875\" class=\"elementor elementor-875\">\n\t\t\t\t\t\t<section class=\"elementor-section elementor-top-section elementor-element elementor-element-7a3423a elementor-section-boxed elementor-section-height-default elementor-section-height-default\" data-id=\"7a3423a\" data-element_type=\"section\" data-e-type=\"section\">\n\t\t\t\t\t\t<div class=\"elementor-container elementor-column-gap-default\">\n\t\t\t\t\t<div class=\"elementor-column elementor-col-100 elementor-top-column elementor-element elementor-element-d6ac043\" data-id=\"d6ac043\" data-element_type=\"column\" data-e-type=\"column\">\n\t\t\t<div class=\"elementor-widget-wrap elementor-element-populated\">\n\t\t\t\t\t\t\t<\/div>\n\t\t<\/div>\n\t\t\t\t\t<\/div>\n\t\t<\/section>\n\t\t\t\t<section class=\"elementor-section elementor-top-section elementor-element elementor-element-4f429aa elementor-section-boxed elementor-section-height-default elementor-section-height-default\" data-id=\"4f429aa\" data-element_type=\"section\" data-e-type=\"section\">\n\t\t\t\t\t\t<div class=\"elementor-container elementor-column-gap-default\">\n\t\t\t\t\t<div class=\"elementor-column elementor-col-50 elementor-top-column elementor-element elementor-element-bd04228\" data-id=\"bd04228\" data-element_type=\"column\" data-e-type=\"column\">\n\t\t\t<div class=\"elementor-widget-wrap elementor-element-populated\">\n\t\t\t\t\t\t<div class=\"elementor-element elementor-element-a053f9a elementor-widget elementor-widget-text-editor\" data-id=\"a053f9a\" data-element_type=\"widget\" data-e-type=\"widget\" data-widget_type=\"text-editor.default\">\n\t\t\t\t<div class=\"elementor-widget-container\">\n\t\t\t\t\t\t\t\t\t<p><strong>Mit ehemaligen Clanmitgliedern und den Organisatoren der gr\u00f6\u00dften LAN-Party Stadthagens \u2013 sogar einer der gr\u00f6\u00dften deutschen \u2013 seid ihr bei uns richtig wenn es um Gaming Computer geht.\u00a0 CS Stadthagen k\u00f6nnte ja auch in f\u00fcr Counter Strike stehen.<\/strong><\/p><p><strong>Da wir selbst begeisterte Gamer sind, haben wir besonders viel Freude daran Systeme zusammen zu stellen die f\u00fcr`s Spielen gedacht sind. Vom relativ anspruchslosen MMORPG Rechner bis zu electronic sports Hochleistungsmaschinen.<\/strong><\/p><p><strong>So k\u00f6nnen wir garantieren euch zum Beispiel nicht irgendeine Grafikkarte einzubauen, sondern die f\u00fcr eure Bed\u00fcrfnisse Richtige mit dem besten Preis \/ Leistungsverh\u00e4ltnis. Hardware die sich bew\u00e4hrt hat und bew\u00e4hren wird.<\/strong><\/p><p><strong>Wir beraten ebenfalls gerne und befassen uns auch gerne mit Wasserk\u00fchlungen und Casemodding.<\/strong><\/p><p><strong>Euer Computer Station Team<\/strong><\/p>\t\t\t\t\t\t\t\t<\/div>\n\t\t\t\t<\/div>\n\t\t\t\t<div class=\"elementor-element elementor-element-599c1c4 elementor-widget elementor-widget-image\" data-id=\"599c1c4\" data-element_type=\"widget\" data-e-type=\"widget\" data-widget_type=\"image.default\">\n\t\t\t\t<div class=\"elementor-widget-container\">\n\t\t\t\t\t\t\t\t\t\t\t\t\t\t\t<img fetchpriority=\"high\" decoding=\"async\" width=\"758\" height=\"479\" src=\"https:\/\/www.cs-stadthagen.de\/wp-content\/uploads\/2020\/10\/74563-gaming-pc-mit-led-gehaeuse.jpg\" class=\"attachment-large size-large wp-image-934\" alt=\"\" srcset=\"https:\/\/www.cs-stadthagen.de\/wp-content\/uploads\/2020\/10\/74563-gaming-pc-mit-led-gehaeuse.jpg 758w, https:\/\/www.cs-stadthagen.de\/wp-content\/uploads\/2020\/10\/74563-gaming-pc-mit-led-gehaeuse-300x190.jpg 300w, https:\/\/www.cs-stadthagen.de\/wp-content\/uploads\/2020\/10\/74563-gaming-pc-mit-led-gehaeuse-520x329.jpg 520w, https:\/\/www.cs-stadthagen.de\/wp-content\/uploads\/2020\/10\/74563-gaming-pc-mit-led-gehaeuse-740x468.jpg 740w\" sizes=\"(max-width: 758px) 100vw, 758px\" \/>\t\t\t\t\t\t\t\t\t\t\t\t\t\t\t<\/div>\n\t\t\t\t<\/div>\n\t\t\t\t\t<\/div>\n\t\t<\/div>\n\t\t\t\t<div class=\"elementor-column elementor-col-50 elementor-top-column elementor-element elementor-element-9bdab40\" data-id=\"9bdab40\" data-element_type=\"column\" data-e-type=\"column\">\n\t\t\t<div class=\"elementor-widget-wrap elementor-element-populated\">\n\t\t\t\t\t\t<div class=\"elementor-element elementor-element-8b77fdb elementor-widget elementor-widget-image\" data-id=\"8b77fdb\" data-element_type=\"widget\" data-e-type=\"widget\" data-widget_type=\"image.default\">\n\t\t\t\t<div class=\"elementor-widget-container\">\n\t\t\t\t\t\t\t\t\t\t\t\t\t\t\t<img decoding=\"async\" width=\"724\" height=\"1024\" src=\"https:\/\/www.cs-stadthagen.de\/wp-content\/uploads\/2020\/03\/gamingsysteme_a4-724x1024.jpg\" class=\"attachment-large size-large wp-image-740\" alt=\"\" srcset=\"https:\/\/www.cs-stadthagen.de\/wp-content\/uploads\/2020\/03\/gamingsysteme_a4-724x1024.jpg 724w, https:\/\/www.cs-stadthagen.de\/wp-content\/uploads\/2020\/03\/gamingsysteme_a4-212x300.jpg 212w, https:\/\/www.cs-stadthagen.de\/wp-content\/uploads\/2020\/03\/gamingsysteme_a4-768x1086.jpg 768w, https:\/\/www.cs-stadthagen.de\/wp-content\/uploads\/2020\/03\/gamingsysteme_a4-1086x1536.jpg 1086w, https:\/\/www.cs-stadthagen.de\/wp-content\/uploads\/2020\/03\/gamingsysteme_a4-1448x2048.jpg 1448w, https:\/\/www.cs-stadthagen.de\/wp-content\/uploads\/2020\/03\/gamingsysteme_a4-520x736.jpg 520w, https:\/\/www.cs-stadthagen.de\/wp-content\/uploads\/2020\/03\/gamingsysteme_a4-740x1047.jpg 740w, https:\/\/www.cs-stadthagen.de\/wp-content\/uploads\/2020\/03\/gamingsysteme_a4-scaled.jpg 1810w\" sizes=\"(max-width: 724px) 100vw, 724px\" \/>\t\t\t\t\t\t\t\t\t\t\t\t\t\t\t<\/div>\n\t\t\t\t<\/div>\n\t\t\t\t\t<\/div>\n\t\t<\/div>\n\t\t\t\t\t<\/div>\n\t\t<\/section>\n\t\t\t\t<\/div>\n\t\t","protected":false},"excerpt":{"rendered":"<p>Mit ehemaligen Clanmitgliedern und den Organisatoren der gr\u00f6\u00dften LAN-Party Stadthagens \u2013 sogar einer der gr\u00f6\u00dften deutschen \u2013 seid ihr bei uns richtig wenn es um Gaming Computer geht.\u00a0 CS Stadthagen k\u00f6nnte ja auch in f\u00fcr<a class=\"read-more\" href=\"https:\/\/www.cs-stadthagen.de\/?page_id=875\">Continue reading<\/a><\/p>\n","protected":false},"author":5,"featured_media":0,"parent":0,"menu_order":0,"comment_status":"closed","ping_status":"closed","template":"page-templates\/page_fullwidth.php","meta":{"footnotes":""},"class_list":["post-875","page","type-page","status-publish","hentry"],"_links":{"self":[{"href":"https:\/\/www.cs-stadthagen.de\/index.php?rest_route=\/wp\/v2\/pages\/875"}],"collection":[{"href":"https:\/\/www.cs-stadthagen.de\/index.php?rest_route=\/wp\/v2\/pages"}],"about":[{"href":"https:\/\/www.cs-stadthagen.de\/index.php?rest_route=\/wp\/v2\/types\/page"}],"author":[{"embeddable":true,"href":"https:\/\/www.cs-stadthagen.de\/index.php?rest_route=\/wp\/v2\/users\/5"}],"replies":[{"embeddable":true,"href":"https:\/\/www.cs-stadthagen.de\/index.php?rest_route=%2Fwp%2Fv2%2Fcomments&post=875"}],"version-history":[{"count":12,"href":"https:\/\/www.cs-stadthagen.de\/index.php?rest_route=\/wp\/v2\/pages\/875\/revisions"}],"predecessor-version":[{"id":994,"href":"https:\/\/www.cs-stadthagen.de\/index.php?rest_route=\/wp\/v2\/pages\/875\/revisions\/994"}],"wp:attachment":[{"href":"https:\/\/www.cs-stadthagen.de\/index.php?rest_route=%2Fwp%2Fv2%2Fmedia&parent=875"}],"curies":[{"name":"wp","href":"https:\/\/api.w.org\/{rel}","templated":true}]}}